f(u)?
2, 3
Let w be (3/(-9))/((-2)/18). Suppose -w*r = -5*s + 55, 4*r - r = s - 11. List the prime factors of s.
11
Let v be 9/(3/(-1)) + 18. Let z = v + -5. List the prime factors of z.
2, 5
What are the prime factors of (-7)/(35/(-10)) - -88?
2, 3, 5
Let d = 17 - 24. Let u(b) be the third derivative of -b**6/120 - b**5/10 + b**4/4 + b**3/3 - b**2. List the prime factors of u(d).
3
Suppose -3*i + 5*j + 3 = 0, 4*j = -0*i + 2*i. Suppose 5*z + i = 2*w, 3*z = -3*w + 14 + 37. List the prime factors of w.
13
Let h be (-1 - 30)/(-1) + -1. Suppose -4*r - h = -p, p + p + 4*r = 12. What are the prime factors of p?
2, 7
Let f be (8/(-1))/4 + 4. Suppose 2*n - 68 = -4*a, 5*a + 3*n - 48 = f*a. What are the prime factors of a?
2, 3
Let n = -58 - -92. List the prime factors of n.
2, 17
Let l be 2 + 3 + (-5 - -3). Suppose s = 4*s + 3*p + 51, -l*s - 63 = -3*p. Let g = -8 - s. List the prime factors of g.
11
Let l(b) = 2*b - 8. Let w be l(6). Let g(m) = -m**2 + 3*m - 4. Let r be g(4). Let s = w - r. List the prime factors of s.
2, 3
Suppose -4*k = 3*d - 333, 5*k + 3*d - 526 = -112. What are the prime factors of k?
3
Suppose -5*k + 10 = 2*n, -5*k + 2*n = 7*n - 10. Suppose k*r - 16 = r. What are the prime factors of r?
2
Suppose 4*v - 6*v = 8. Let l(j) = -j**3 - 3*j**2 - 5*j - 3. List the prime factors of l(v).
3, 11
Let n be (2 + -2)/(0 - 1). Suppose 5*b + 4 + 6 = n. Let s(k) = -k**3 - 3*k**2 - 4*k - 2. List the prime factors of s(b).
2
Let s(w) be the first derivative of -1 - 1/3*w**3 - 9*w - 6*w**2. List the prime factors of s(-11).
2
Suppose 0 = -10*f + 9*f + 148. List the prime factors of f.
2, 37
Let m = 6 + 40. List the prime factors of m.
2, 23
Let v(m) = -42*m + 2. Let d be v(-1). Let a = d + -8. What are the prime factors of a?
2, 3
Suppose 3*r - 4*z - 6 = 22, 2*z - 64 = -5*r. Let x = 20 - r. Let t(s) = s**3 - 9*s**2 + 8*s + 7. What are the prime factors of t(x)?
7
Suppose -3*t - 4 = 38. Let d = t + 20. List the prime factors of d.
2, 3
Let w(p) be the second derivative of p**4/12 - p**3 - 4*p**2 - 2*p. What are the prime factors of w(9)?
19
Suppose 50 = 5*k - 0*k. Suppose 0 = -5*o + k*o - 35. What are the prime factors of o?
7
Let m be -2 - -2*5 - -1. Let c be 3/m - (-11)/3. What are the prime factors of -3 + 1 + c - -6?
2
Let s(j) = -j**2 - 9*j + 2. Suppose -5*n - 7 - 38 = 0. Let m be s(n). List the prime factors of 8*-1*(1 - m).
2
What are the prime factors of (-2)/8 + (-725)/(-4)?
181
Let n = 101 + -60. Suppose -173*s + 168*s = -25. Suppose 7*f = 2*f - s*a + 55, -5*a = -f + n. List the prime factors of f.
2
Let a = 90 - -10. What are the prime factors of a?
2, 5
Suppose -14 - 9 = -y. Suppose 3*w - 2*w - 5*a = 23, w + 4*a - y = 0. What are the prime factors of w?
23
Let w be 4/5*(-30)/(-12). List the prime factors of (-4 + 3)/(w/(-12)).
2, 3
Suppose 5*z + 2*b - 15 = 2*z, 3*z = 3*b. Suppose 2*i = z*v + 34, 5*i + 3*v - 51 = 2*v. List the prime factors of i.
11
Let a = -7 - 5. List the prime factors of 6/(-24) - 147/a.
2, 3
Suppose 5*h = 5*i + 5, 0 = 5*i + 2*h + 2*h + 14. Let v(l) = l**2 - 2*l + l - 1 + 0*l. List the prime factors of v(i).
5
Let s(f) = f**2 + 4*f. Let g be s(-4). Suppose 5*l = 8 + 7, g = -4*w - l + 71. What are the prime factors of w?
17
What are the prime factors of (-161)/(-7) - 0/1?
23
Suppose -h = -0*h - 15. List the prime factors of h.
3, 5
Let z be 1*(-1 - -6) - 3. Suppose 0 = a + 3*k - 29, -4*a - 2*k = -z*a - 58. Suppose a = 2*n + 1. What are the prime factors of n?
2, 7
Suppose -5*w = -0*w - 485. What are the prime factors of w?
97
Suppose 3*d - 4*d - 2*b = -104, -4*d + 390 = -5*b. What are the prime factors of d?
2, 5
Let f(m) = -2*m**3 + 4*m**2 - m + 3. Let w be f(3). Let s be 2 - (-12)/((-8)/2). What are the prime factors of (6/w)/(s/15)?
5
Let v(n) = -n**2 - 9*n + 8. What are the prime factors of v(-8)?
2
Let b = 107 + -56. List the prime factors of b.
3, 17
Let u(v) = -v**2 + 21*v - 5. What are the prime factors of u(7)?
3, 31
Let f(c) = c + 1. Let q be f(0). Suppose 0 = -0*k - 2*k - 20. Let w = q - k. List the prime factors of w.
11
Suppose 2*j = 9 - 1. Suppose -5*r + 7 = -j*r. What are the prime factors of r?
7
Let v be 0 - (-14)/1 - -1. Suppose -8*m + v = -3*m. What are the prime factors of m?
3
Let x = -3 + 10. Let v = x - 5. List the prime factors of 20/v - (-2 + 0).
2, 3
Suppose 2 + 4 = t. Suppose 0 = -m - 0*m + t. What are the prime factors of m?
2, 3
Suppose 2*p = f + 6, 2*f - 1 = -5. Suppose -2*a - p*a - 4*w = -4, 5*a + 3*w - 13 = 0. List the prime factors of a.
5
Let d = 3 + -2. Let t be (d + 3)*(-27)/(-4). What are the prime factors of 4/3*t/6?
2, 3
Let r = 20 - 17. Suppose -18 = r*q - 75. List the prime factors of q.
19
Suppose 12 = -0*h + 3*h. Suppose 6*j = h*j + 22. List the prime factors of j.
11
Suppose 10*t - 6 = 44. What are the prime factors of t?
5
Let h(p) = -p**2 - 9*p - 5. Let k be h(-8). Suppose 0 = -4*f - 0*j - j + 16, 3*j + k = 5*f. List the prime factors of f.
3
Suppose -6 = -3*l - 0, -3*z = 3*l - 15. Let g(k) = k**3 - 3*k**2 + k + 2. What are the prime factors of g(z)?
5
Let p(g) = -g**2 - 5*g + 2. Suppose -5*r - 11 = 9. Let u be p(r). What are the prime factors of u/4*14 + -2?
19
Suppose -5*l - 6 + 446 = 0. What are the prime factors of l?
2, 11
Suppose -2 = a - 17. What are the prime factors of a?
3, 5
Let t(b) = -7*b - 19. Let p(g) = 2*g + 5. Let q(n) = 22*p(n) + 6*t(n). What are the prime factors of q(8)?
2, 3
Let m be (-14)/(-4) - 3/6. Suppose 0 = -m*j + j + 24. What are the prime factors of j?
2, 3
Let d be ((-1)/3)/((-6)/198). Let h(m) = -m**2 - 2*m - 4. Let p be h(-3). Let k = d + p. What are the prime factors of k?
2
Suppose -5*a + 103 = 3*j, 110 = 5*j - 2*a - 2*a. What are the prime factors of j?
2, 13
Let m(z) = z**2 - 24*z + 12. List the prime factors of m(33).
3, 103
List the prime factors of ((-3)/9)/(1/(-27)).
3
Let x(q) = -16*q**3 - 4*q - 2. What are the prime factors of x(-2)?
2, 67
Let r = 48 - 83. List the prime factors of (-10)/r - 124/(-7).
2, 3
Suppose 0 = 2*n - 177 + 25. Suppose -24*v - 72 = -27*v. Suppose -4*k - v = -n. List the prime factors of k.
13
Let m be 1*(13 + 1) - 0. Let p = m + 2. What are the prime factors of p?
2
Suppose 0 = -q - q + 4. Let i be (2 + 0)/(-2)*-11. Let d = i + q. What are the prime factors of d?
13
Suppose 2*l + 2 + 122 = 0. Let h = -41 - l. List the prime factors of h.
3, 7
Let a = -17 + 101. List the prime factors of a.
2, 3, 7
Suppose 4*k = -3*x + 24, 2*x - 9 = -x + k. Suppose 4*t = -4*r, -1 + 5 = x*r. List the prime factors of ((-1)/(-2))/(t/(-22)).
11
Let q(b) = 7*b + 1. Let j be q(1). Let r be 22/j - 2/(-8). Suppose -r*c = -17 - 16. List the prime factors of c.
11
Let d = 52 + 29. List the prime factors of d.
3
Suppose 0 = 2*k - k. Suppose b - 12 = -2*l, -2*l - 2*b + 7*b - 12 = k. Suppose -o - 21 = 3*a - 8, 0 = -l*o + 5*a + 33. What are the prime factors of o?
2
Let h be -1 - (-3 - (0 - 0)). Suppose z - 19 = -0*z + 5*m, 4*z - h*m = 58. What are the prime factors of z?
2, 7
Suppose 0 = 2*z + 2*z - 4. What are the prime factors of -1 + 17/(0 + z)?
2
Let b be (4/10)/(1/(-30)). Let n be (-22)/b - (-1)/6. Suppose 4*c - 7 - 22 = 5*t, 0 = -c + n*t + 5. What are the prime factors of c?
11
Let q(h) = 8*h. Let z(x) = -x**3 - x**2 - x + 7. Let p be z(0). Let d be 6/21 + 5/p. What are the prime factors of q(d)?
2
Suppose 2 = 2*v - 6. Let h = 7 - v. Suppose -h*t + 10 - 4 = 0. What are the prime factors of t?
2
Let v = 84 + 25. What are the prime factors of v?
109
Suppose -2*u = 10, -3*y - 4 = 2*u - 0. Suppose 15 = 5*z - p - 69, -4*z = y*p - 70. List the prime factors of z.
17
List the prime factors of ((-11)/3 - -1)*(-93)/4.
2, 31
Suppose 0 = -5*v + 2*v. Let b = 4 + v. Suppose j = -0*j - 1, -b*z + 3*j + 19 = 0. What are the prime factors of z?
2
Let t = -8 + 11. Suppose 3*c = 2*c + 4*y + 30, t*y + 72 = 3*c. What are the prime factors of c?
2, 11
Let j(z) = -z**2 + 8*z + 2. Let c be j(8). Let o(g) = -6*g**2 - 2 + c*g**2 - 2*g**3 - 4*g - 1. List the prime factors of o(-2).
5
Suppose 10 = 2*d + 3*d. Let r be d/(-5)*(3 - 33). Let i = 20 - r. What are the prime factors of i?
2
Suppose 0 = -10*w + 7*w + 213. What are the prime factors of w?
71
Let f be (-4)/(((-5)/2)/(-5)). Let i be f*(1 - (-3)/(-2)). Let p = 16 - i. List the prime factors of p.
2, 3
Sup